at is -10001101011001 - 1?
-10001101011010
In base 6, what is -432 - -23244?
22412
In base 5, what is -111201 - 2014?
-113220
In base 16, what is 0 - b42e?
-b42e
In base 13, what is 5450 - -3?
5453
In base 3, what is 10222 + -1122100?
-1111101
In base 7, what is 2 + -340?
-335
In base 12, what is 95 + -168?
-93
In base 16, what is a5e - -ef?
b4d
In base 2, what is -101111011111000001110000 - -100?
-101111011111000001101100
In base 5, what is 4023212 - 3?
4023204
In base 8, what is -3 - 112567?
-112572
In base 16, what is -9 - -12a98?
12a8f
In base 15, what is -b - 367a?
-3686
In base 11, what is 2 + 2439?
2440
In base 13, what is -69 - -57c?
513
In base 8, what is 23436 + -7?
23427
In base 5, what is -210003241 - 11?
-210003302
In base 6, what is -14 - -10014431?
10014413
In base 7, what is 3132 + -402?
2430
In base 4, what is -111030311 - -10?
-111030301
In base 3, what is -1010011 + -1221121?
-10001202
In base 14, what is 78941 - -6?
78947
In base 13, what is 2 + 31119?
3111b
In base 10, what is -111388 - -4?
-111384
In base 10, what is 85746 + 4?
85750
In base 4, what is 3100011 - -203?
3100220
In base 5, what is -3233 - -1324?
-1404
In base 4, what is 2132 - 10313?
-2121
In base 5, what is 20334 + -220?
20114
In base 12, what is -5 - 28849b?
-2884a4
In base 9, what is 328814 + 0?
328814
In base 7, what is 121 + -2066?
-1645
In base 9, what is -5406 - -23?
-5373
In base 3, what is 112100020010202 + -10?
112100020010122
In base 8, what is -1 + -11337?
-11340
In base 3, what is 10 - 1010101120?
-1010101110
In base 2, what is 0 + 100011100000011011?
100011100000011011
In base 11, what is 191 - 12409?
-12228
In base 15, what is a5e4 + 2?
a5e6
In base 13, what is 2467 + 0?
2467
In base 12, what is -905941 - 4?
-905945
In base 6, what is -4532 + -14?
-4550
In base 15, what is -73ae - 17?
-73c6
In base 3, what is 1 + -101002?
-101001
In base 11, what is -4 + 42401?
423a8
In base 14, what is 118588 - -5?
11858d
In base 15, what is 0 - -5eae7?
5eae7
In base 12, what is 137 + 2a4?
41b
In base 5, what is -2 - 223442?
-223444
In base 8, what is 12043 - 5?
12036
In base 6, what is -1531 - 1351?
-3322
In base 13, what is 455 + -143?
312
In base 7, what is 2006 + 0?
2006
In base 14, what is 132 - -74?
1a6
In base 16, what is 2 + 2909?
290b
In base 16, what is 1dc44 + 1?
1dc45
In base 7, what is -30 - 501413?
-501443
In base 3, what is 1010121110 - 10?
1010121100
In base 13, what is 26 + 9483?
94a9
In base 3, what is 2211 + 2001211?
2011122
In base 14, what is -9805 - -1?
-9804
In base 6, what is 540 - 303?
233
In base 13, what is -3 - 4060b?
-40611
In base 9, what is -102 - 11?
-113
In base 10, what is 802 + 981?
1783
In base 15, what is -d5 + -11?
-e6
In base 7, what is -115506 + -11?
-115520
In base 15, what is 95a - -e?
969
In base 4, what is -233131 + 131203?
-101322
In base 15, what is c3647b + 4?
c36480
In base 15, what is 1a5 + e4b?
1101
In base 12, what is 95 - -16?
ab
In base 4, what is -1022102 - 21200?
-1103302
In base 16, what is -35e - -863?
505
In base 9, what is 11520 - -26?
11546
In base 3, what is 100021021002220 - -2?
100021021002222
In base 14, what is 82 + 80?
122
In base 14, what is -520d5 - 2?
-520d7
In base 14, what is -8d3 - 488?
-d7b
In base 8, what is -4 - -2101321?
2101315
In base 12, what is 1140 - 132?
100a
In base 11, what is -353a2 + -4?
-353a6
In base 4, what is 22010210 - -12?
22010222
In base 10, what is 0 - -147206?
147206
In base 8, what is -2661 - -12?
-2647
In base 16, what is -19a + -10?
-1aa
In base 14, what is 11c08 + 24?
11c2c
In base 7, what is 3 - -5641?
5644
In base 12, what is 35433a - -5?
354343
In base 12, what is 1b27613 - -2?
1b27615
In base 15, what is -402 + -32d?
-730
In base 5, what is 4 + -1032110?
-1032101
In base 2, what is 1011 + 1011001100011?
1011001101110
In base 3, what is 100 + -12202122?
-12202022
In base 10, what is -2 + -13778?
-13780
In base 12, what is 1392 + -82?
1310
In base 3, what is -122212111110 + -10?
-122212111120
In base 15, what is -50a - d?
-518
In base 5, what is 31244 + 2011?
33310
In base 4, what is -30 - -121101?
121011
In base 16, what is -aff7e + 3?
-aff7b
In base 11, what is 3842 + -40?
3802
In base 10, what is 2468852 - 0?
2468852
In base 4, what is -20 - -12100131?
12100111
In base 3, what is -2 - 1112222202101?
-1112222202110
In base 2, what is 1100100000000010 + 10?
1100100000000100
In base 14, what is 31 + -144c?
-141b
In base 15, what is -7 - -47318?
47311
In base 2, what is -1110000 - 100100000?
-110010000
In base 11, what is -102311 + a?
-102302
In base 15, what is -6 + 44300?
442e9
In base 10, what is -4 + -51583?
-51587
In base 6, what is 140 + 13234?
13414
In base 16, what is -1a - -1ec0?
1ea6
In base 7, what is -5 + 420620?
420612
In base 13, what is -7 + cbb5?
cbab
In base 13, what is -1 - 1ac3b?
-1ac3c
In base 16, what is -23d125 + -3?
-23d128
In base 2, what is 100011110010100011 + -110?
100011110010011101
In base 16, what is -4869 - -5?
-4864
In base 7, what is -5 + 1350201?
1350163
In base 15, what is 16 + 1b635?
1b64b
In base 7, what is 144400 + -4?
144363
In base 12, what is -1 - -5284b?
5284a
In base 6, what is -5 - -23210513?
23210504
In base 13, what is -5b9 + 61a?
31
In base 5, what is 13104 + 3?
13112
In base 3, what is -211011111022 - 1?
-211011111100
In base 3, what is 101121002011 + -11?
101121002000
In base 5, what is 10343003 - -1?
10343004
In base 2, what is -110100001100110101 + -101?
-110100001100111010
In base 15, what is -342 + -e0?
-432
In base 2, what is -1 + -11000110010101000101?
-11000110010101000110
In base 12, what is 2b - 2849?
-281a
In base 2, what is -10100110001110 - -110?
-10100110001000
In base 9, what is 5 + 407537?
407543
In base 7, what is -522 + 1446?
624
In base 4, what is 332102132 + 1?
332102133
In base 14, what is 9d - 4c0?
-421
In base 2, what is 11101010010111 - -11?
11101010011010
In base 9, what is 81885 + -13?
81872
In base 5, what is -241011 + -244?
-241310
In base 10, what is -8768 - -3?
-8765
In base 10, what is -10725 + -134?
-10859
In base 15, what is -7580ed + -1?
-7580ee
In base 14, what is -4b - -21c2?
2175
In base 3, what is -101102110 + 10220?
-101021120
In base 6, what is -5 + 3514401?
3514352
In base 12, what is -1562 - 76?
-1618
In base 8, what is 66027 - 6?
66021
In base 15, what is 1ca7 - 6?
1ca1
In base 12, what is b97 + -50?
b47
In base 5, what is -144 - -102143?
101444
In base 12, what is -5 - 1ab582?
-1ab587
In base 11, what is 25 + 302a3?
30318
In base 6, what is -353 - -331?
-22
In base 8, what is 1 + -1314614?
-1314613
In base 3, what is -110111202 - 1001?
-110112210
In base 14, what is 2c52 + -1?
2c51
In base 12, what is 42 + -5012?
-4b90
In base 2, what is 10010110100001 + 101000?
10010111001001
In base 11, what is 8232 + -48?
8195
In base 7, what is 2426 + -525?
1601
In base 13, what is 1594 - 0?
1594
In base 15, what is 5882 + 2?
5884
In base 3, what is 10 - 2001212202?
-2001212122
In base 3, what is -1 - 1002002110022?
-1002002110100
In base 13, what is -788 - -886?
cb
In base 11, what is -3a763 + 3?
-3a760
In base 9, what is -8 + 68645?
68636
In base 8, what is 246 - -20632?
21100
In base 15, what is -304878 - 3?
-30487b
In base 4, what is -120220 - 1033?
-121313
In base 6, what is 5304440 - -4?
5304444
In base 3, what is 100222120 + 10000?
101002120
In base 4, what is 31332 + -22221?
3111
In base 11, what is -96 - -701?
616
In base 12, what is -3 - -8a4?
8a1
In base 7, what is 4 - 10226?
-10222
In base 3, what is 1120 - 1002102101?
-1002100211
In base 15, what is -18e - -1a3?
14
In base 4, what is -11 - -231223303?
231223232
In base 14, what is -3 - cc78?
-cc7b
In base 10, what is -40 - -1855?
1815
In base 9, what is 4 - 6805?
-6801
In base 15, what is b448 - 1?
b447
In base 5, what is -2 - 344244?
-344301
In base 15, what is 17 - 11e6?
-11ce
In base 10, what is -2 - 1137147?
-1137149
In base 16, what is f - 694?
-685
In base 10, what is -145 - 605?
-750
In base 4, what is -33 - 301?
-1000
In base 8, what is -2231 + -6213?
-10444
In base 8, what is -1 - 64635?
-64636
In base 8, what is -142 + 610?
446
In base 15, what is -942 - -d1?
-861
In base 3, what is 1000211220 - 1221?
1000202222
In base 7, what is 10 - 6345?
-6335
In base 13, what is 5 - 1511?
-1509
In base 7, what is -31